{"id":319,"date":"2024-09-06T15:02:58","date_gmt":"2024-09-06T13:02:58","guid":{"rendered":"https:\/\/www.libroclub.org\/?page_id=319"},"modified":"2025-09-01T23:01:00","modified_gmt":"2025-09-01T21:01:00","slug":"319-2","status":"publish","type":"page","link":"https:\/\/www.libroclub.org\/?page_id=319","title":{"rendered":""},"content":{"rendered":"\n<figure class=\"wp-block-image aligncenter size-large is-resized\"><a href=\"www.libroclub.org\"><img loading=\"lazy\" decoding=\"async\" width=\"1024\" height=\"1024\" src=\"https:\/\/www.libroclub.org\/wp-content\/uploads\/2024\/09\/readmore1-1024x1024.jpeg\" alt=\"\" class=\"wp-image-135\" style=\"width:302px;height:auto\" srcset=\"https:\/\/www.libroclub.org\/wp-content\/uploads\/2024\/09\/readmore1-1024x1024.jpeg 1024w, https:\/\/www.libroclub.org\/wp-content\/uploads\/2024\/09\/readmore1-300x300.jpeg 300w, https:\/\/www.libroclub.org\/wp-content\/uploads\/2024\/09\/readmore1-150x150.jpeg 150w, https:\/\/www.libroclub.org\/wp-content\/uploads\/2024\/09\/readmore1-768x768.jpeg 768w, https:\/\/www.libroclub.org\/wp-content\/uploads\/2024\/09\/readmore1.jpeg 1186w\" sizes=\"(max-width: 1024px) 100vw, 1024px\" \/><\/a><\/figure>\n\n\n\n<h2 class=\"wp-block-heading has-text-align-center\">Ako funguje Libro?<\/h2>\n\n\n\n<p class=\"has-text-align-left\"><strong>Libro \u010ditate\u013esk\u00fd klub<\/strong> vznikol po tom, \u010do sa traja dobr\u00ed kamar\u00e1ti \u2013 Adri\u00e1n, Mi\u0161o a Samo \u2013 ktor\u00ed sa pravidelne stret\u00e1vali v kaviarniach, \u010d\u00edtali knihy a diskutovali o nich, rozhodli pretavi\u0165 tento form\u00e1t aj do v\u00e4\u010d\u0161ej skupiny. Z\u00e1ujem o spolo\u010dn\u00e9 stret\u00e1vanie a rozpr\u00e1vanie o knih\u00e1ch sa uk\u00e1zal ako skvel\u00fd n\u00e1pad, a tak sa spojili a zalo\u017eili <strong>Libro<\/strong>.<\/p>\n\n\n\n<p><strong>Ak m\u00e1\u0161 z\u00e1ujem prida\u0165 sa do Libra, sta\u010d\u00ed vyplni\u0165 prihl\u00e1\u0161ku, ktor\u00fa n\u00e1sledne pozrieme a schv\u00e1lime.<\/strong> Po schv\u00e1len\u00ed \u0165a prid\u00e1me do na\u0161ej <strong>WhatsAppovej skupiny, kde si m\u00f4\u017ee\u0161 vybra\u0165 r\u00f4zne miestnosti a form\u00e1ty diskusie. <\/strong>V nich zdie\u013eame kni\u017en\u00e9 tipy, odpor\u00fa\u010dame dobr\u00e9 knihy alebo diskutujeme na r\u00f4zne t\u00e9my. <strong>Prispievanie nie je povinn\u00e9 a preto ak nechce\u0161, nemus\u00ed\u0161 sa zap\u00e1ja\u0165.<\/strong> N\u00e1jde\u0161 medzi nimi psychol\u00f3giu, beletriu, politiku, hist\u00f3riu, faktografiu a \u010fal\u0161ie. Moment\u00e1lne fungujeme u\u017e vy\u0161e tri roky a <strong>podarilo sa n\u00e1m nazbiera\u0165 viac ako 100 \u010dlenov.<\/strong><\/p>\n\n\n\n<p>V <strong>Libre<\/strong> nez\u00e1le\u017e\u00ed na tom, odkia\u013e si, z akej soci\u00e1lnej vrstvy poch\u00e1dza\u0161, ak\u00e9 m\u00e1\u0161 vzdelanie, ak\u00fa m\u00e1\u0161 farbu pleti, \u010domu ver\u00ed\u0161 alebo akej si sexu\u00e1lnej orient\u00e1cie. Ka\u017ed\u00fd sme in\u00fd. <strong>Pokia\u013e si vie\u0161 vypo\u010du\u0165 odli\u0161n\u00fd n\u00e1zor a re\u0161pektova\u0165, \u017ee niekto in\u00fd rozm\u00fd\u0161\u013ea inak ako ty, patr\u00ed\u0161 k n\u00e1m \ud83d\ude42<\/strong>. Ke\u010f\u017ee za \u017eivot nestihneme pre\u010d\u00edta\u0165 v\u0161etky knihy sveta, nikto nikdy nebude vedie\u0165 o v\u0161etkom v\u0161etko. Preto ak niekto pre\u010d\u00edtal knihu, ktor\u00fa si ty e\u0161te nestihol, m\u00f4\u017ee ti pon\u00faknu\u0165 nov\u00fd poh\u013ead, ktor\u00fd \u0165a mo\u017eno in\u0161piruje zmeni\u0165 n\u00e1zor alebo si knihu pre\u010d\u00edta\u0165.<\/p>\n\n\n\n<p><strong>Klubov\u00e9 stretnutia organizujeme raz za dva mesiace.<\/strong> Funguje to tak, \u017ee ka\u017ed\u00fd m\u00f4\u017ee nominova\u0165 knihu mesiaca z vopred ur\u010den\u00fdch kateg\u00f3ri\u00ed. Nomin\u00e1cie sa zozbieraj\u00fa a prebehne hlasovanie. Kniha, ktor\u00e1 z\u00edska najviac hlasov, sa st\u00e1va spolo\u010dn\u00fdm \u010d\u00edtan\u00edm <strong>Libra<\/strong>. <strong>Po pre\u010d\u00edtan\u00ed sa stret\u00e1vame a diskutujeme o knihe.<\/strong> <strong>Na \u00fa\u010das\u0165 na stretnut\u00ed Libra nie je nutn\u00e9 ma\u0165 pre\u010d\u00edtan\u00fa dan\u00fa knihu.<\/strong> V\u00e4\u010d\u0161inou sa rozpr\u00e1vame o r\u00f4znych t\u00e9mach, ktor\u00e9 z \u010d\u00edtania vyplyn\u00fa, a sna\u017e\u00edme sa zapoji\u0165 ka\u017ed\u00e9ho, kto m\u00e1 \u010do poveda\u0165.<\/p>\n\n\n\n<p>Na z\u00e1ver by sme radi dodali, \u017ee <strong>Libro je komunitn\u00fd projekt<\/strong>. To znamen\u00e1, \u017ee u n\u00e1s neexistuje hierarchia, ani privil\u00e9gium rozhodova\u0165. Rozhodne v\u017edy hlas \u013eudu. Preto ak m\u00e1\u0161 nejak\u00fd n\u00e1pad, ako Libro posun\u00fa\u0165 dopredu, k\u013eudne n\u00e1m nap\u00ed\u0161 a daj vedie\u0165 \u010do by si chcel\/a na Libre zmeni\u0165, alebo vylep\u0161i\u0165 a pr\u00edpadne o tom m\u00f4\u017eeme v skupine aj hlasova\u0165 :).<\/p>\n\n\n\n<p><br><\/p>\n\n\n\n<div class=\"wp-block-cover alignfull\" style=\"padding-top:var(--wp--custom--spacing--small, 1.25rem);padding-bottom:var(--wp--custom--spacing--large, 8rem);min-height:400px;aspect-ratio:unset;\"><span aria-hidden=\"true\" class=\"wp-block-cover__background has-background-dim-0 has-background-dim\"><\/span><img decoding=\"async\" class=\"wp-block-cover__image-background\" alt=\"Illustration of a flying bird\" src=\"https:\/\/www.libroclub.org\/wp-content\/themes\/twentytwentytwo\/assets\/images\/flight-path-on-gray-c.jpg\" style=\"object-position:58% 58%\" data-object-fit=\"cover\" data-object-position=\"58% 58%\"\/><div class=\"wp-block-cover__inner-container is-layout-flow wp-block-cover-is-layout-flow\">\n<div style=\"height:500px\" aria-hidden=\"true\" class=\"wp-block-spacer\"><\/div>\n<\/div><\/div>\n","protected":false},"excerpt":{"rendered":"<p>Ako funguje Libro? Libro \u010ditate\u013esk\u00fd klub vznikol po tom, \u010do sa traja dobr\u00ed kamar\u00e1ti \u2013 Adri\u00e1n, Mi\u0161o a Samo \u2013 ktor\u00ed sa pravidelne stret\u00e1vali v kaviarniach, \u010d\u00edtali knihy a diskutovali o nich, rozhodli pretavi\u0165 tento form\u00e1t aj do v\u00e4\u010d\u0161ej skupiny. Z\u00e1ujem o spolo\u010dn\u00e9 stret\u00e1vanie a rozpr\u00e1vanie o knih\u00e1ch sa uk\u00e1zal ako skvel\u00fd n\u00e1pad, a tak [&hellip;]<\/p>\n","protected":false},"author":1,"featured_media":0,"parent":0,"menu_order":0,"comment_status":"closed","ping_status":"closed","template":"blank","meta":{"_monsterinsights_skip_tracking":false,"_monsterinsights_sitenote_active":false,"_monsterinsights_sitenote_note":"","_monsterinsights_sitenote_category":0,"footnotes":""},"class_list":["post-319","page","type-page","status-publish","hentry"],"yoast_head":"<!-- This site is optimized with the Yoast SEO plugin v23.3 - https:\/\/yoast.com\/wordpress\/plugins\/seo\/ -->\n<title>- Libro \u2014 \u010ditate\u013esk\u00fd klub<\/title>\n<meta name=\"robots\" content=\"index, follow, max-snippet:-1, max-image-preview:large, max-video-preview:-1\" \/>\n<link rel=\"canonical\" href=\"https:\/\/www.libroclub.org\/?page_id=319\" \/>\n<meta property=\"og:locale\" content=\"sk_SK\" \/>\n<meta property=\"og:type\" content=\"article\" \/>\n<meta property=\"og:title\" content=\"- Libro \u2014 \u010ditate\u013esk\u00fd klub\" \/>\n<meta property=\"og:description\" content=\"Ako funguje Libro? Libro \u010ditate\u013esk\u00fd klub vznikol po tom, \u010do sa traja dobr\u00ed kamar\u00e1ti \u2013 Adri\u00e1n, Mi\u0161o a Samo \u2013 ktor\u00ed sa pravidelne stret\u00e1vali v kaviarniach, \u010d\u00edtali knihy a diskutovali o nich, rozhodli pretavi\u0165 tento form\u00e1t aj do v\u00e4\u010d\u0161ej skupiny. Z\u00e1ujem o spolo\u010dn\u00e9 stret\u00e1vanie a rozpr\u00e1vanie o knih\u00e1ch sa uk\u00e1zal ako skvel\u00fd n\u00e1pad, a tak [&hellip;]\" \/>\n<meta property=\"og:url\" content=\"https:\/\/www.libroclub.org\/?page_id=319\" \/>\n<meta property=\"og:site_name\" content=\"Libro \u2014 \u010ditate\u013esk\u00fd klub\" \/>\n<meta property=\"article:modified_time\" content=\"2025-09-01T21:01:00+00:00\" \/>\n<meta property=\"og:image\" content=\"https:\/\/www.libroclub.org\/wp-content\/uploads\/2024\/09\/readmore1-1024x1024.jpeg\" \/>\n<meta name=\"twitter:card\" content=\"summary_large_image\" \/>\n<meta name=\"twitter:label1\" content=\"Predpokladan\u00fd \u010das \u010d\u00edtania\" \/>\n\t<meta name=\"twitter:data1\" content=\"3 min\u00faty\" \/>\n<script type=\"application\/ld+json\" class=\"yoast-schema-graph\">{\"@context\":\"https:\/\/schema.org\",\"@graph\":[{\"@type\":\"WebPage\",\"@id\":\"https:\/\/www.libroclub.org\/?page_id=319\",\"url\":\"https:\/\/www.libroclub.org\/?page_id=319\",\"name\":\"- Libro \u2014 \u010ditate\u013esk\u00fd klub\",\"isPartOf\":{\"@id\":\"https:\/\/www.libroclub.org\/#website\"},\"primaryImageOfPage\":{\"@id\":\"https:\/\/www.libroclub.org\/?page_id=319#primaryimage\"},\"image\":{\"@id\":\"https:\/\/www.libroclub.org\/?page_id=319#primaryimage\"},\"thumbnailUrl\":\"https:\/\/www.libroclub.org\/wp-content\/uploads\/2024\/09\/readmore1-1024x1024.jpeg\",\"datePublished\":\"2024-09-06T13:02:58+00:00\",\"dateModified\":\"2025-09-01T21:01:00+00:00\",\"inLanguage\":\"sk-SK\",\"potentialAction\":[{\"@type\":\"ReadAction\",\"target\":[\"https:\/\/www.libroclub.org\/?page_id=319\"]}]},{\"@type\":\"ImageObject\",\"inLanguage\":\"sk-SK\",\"@id\":\"https:\/\/www.libroclub.org\/?page_id=319#primaryimage\",\"url\":\"https:\/\/www.libroclub.org\/wp-content\/uploads\/2024\/09\/readmore1.jpeg\",\"contentUrl\":\"https:\/\/www.libroclub.org\/wp-content\/uploads\/2024\/09\/readmore1.jpeg\",\"width\":1186,\"height\":1186},{\"@type\":\"WebSite\",\"@id\":\"https:\/\/www.libroclub.org\/#website\",\"url\":\"https:\/\/www.libroclub.org\/\",\"name\":\"Libro \u2014 \u010ditate\u013esk\u00fd klub\",\"description\":\"Read more.\",\"publisher\":{\"@id\":\"https:\/\/www.libroclub.org\/#organization\"},\"potentialAction\":[{\"@type\":\"SearchAction\",\"target\":{\"@type\":\"EntryPoint\",\"urlTemplate\":\"https:\/\/www.libroclub.org\/?s={search_term_string}\"},\"query-input\":\"required name=search_term_string\"}],\"inLanguage\":\"sk-SK\"},{\"@type\":\"Organization\",\"@id\":\"https:\/\/www.libroclub.org\/#organization\",\"name\":\"Libro \u2014 \u010ditate\u013esk\u00fd klub\",\"url\":\"https:\/\/www.libroclub.org\/\",\"logo\":{\"@type\":\"ImageObject\",\"inLanguage\":\"sk-SK\",\"@id\":\"https:\/\/www.libroclub.org\/#\/schema\/logo\/image\/\",\"url\":\"https:\/\/www.libroclub.org\/wp-content\/uploads\/2024\/09\/1000_F_301951160_ReY7wvJJQTzuHJUUIn1dWWvKNZRPZlnq-e1725467353765.jpg\",\"contentUrl\":\"https:\/\/www.libroclub.org\/wp-content\/uploads\/2024\/09\/1000_F_301951160_ReY7wvJJQTzuHJUUIn1dWWvKNZRPZlnq-e1725467353765.jpg\",\"width\":440,\"height\":461,\"caption\":\"Libro \u2014 \u010ditate\u013esk\u00fd klub\"},\"image\":{\"@id\":\"https:\/\/www.libroclub.org\/#\/schema\/logo\/image\/\"}}]}<\/script>\n<!-- \/ Yoast SEO plugin. -->","yoast_head_json":{"title":"- Libro \u2014 \u010ditate\u013esk\u00fd klub","robots":{"index":"index","follow":"follow","max-snippet":"max-snippet:-1","max-image-preview":"max-image-preview:large","max-video-preview":"max-video-preview:-1"},"canonical":"https:\/\/www.libroclub.org\/?page_id=319","og_locale":"sk_SK","og_type":"article","og_title":"- Libro \u2014 \u010ditate\u013esk\u00fd klub","og_description":"Ako funguje Libro? Libro \u010ditate\u013esk\u00fd klub vznikol po tom, \u010do sa traja dobr\u00ed kamar\u00e1ti \u2013 Adri\u00e1n, Mi\u0161o a Samo \u2013 ktor\u00ed sa pravidelne stret\u00e1vali v kaviarniach, \u010d\u00edtali knihy a diskutovali o nich, rozhodli pretavi\u0165 tento form\u00e1t aj do v\u00e4\u010d\u0161ej skupiny. Z\u00e1ujem o spolo\u010dn\u00e9 stret\u00e1vanie a rozpr\u00e1vanie o knih\u00e1ch sa uk\u00e1zal ako skvel\u00fd n\u00e1pad, a tak [&hellip;]","og_url":"https:\/\/www.libroclub.org\/?page_id=319","og_site_name":"Libro \u2014 \u010ditate\u013esk\u00fd klub","article_modified_time":"2025-09-01T21:01:00+00:00","og_image":[{"url":"https:\/\/www.libroclub.org\/wp-content\/uploads\/2024\/09\/readmore1-1024x1024.jpeg"}],"twitter_card":"summary_large_image","twitter_misc":{"Predpokladan\u00fd \u010das \u010d\u00edtania":"3 min\u00faty"},"schema":{"@context":"https:\/\/schema.org","@graph":[{"@type":"WebPage","@id":"https:\/\/www.libroclub.org\/?page_id=319","url":"https:\/\/www.libroclub.org\/?page_id=319","name":"- Libro \u2014 \u010ditate\u013esk\u00fd klub","isPartOf":{"@id":"https:\/\/www.libroclub.org\/#website"},"primaryImageOfPage":{"@id":"https:\/\/www.libroclub.org\/?page_id=319#primaryimage"},"image":{"@id":"https:\/\/www.libroclub.org\/?page_id=319#primaryimage"},"thumbnailUrl":"https:\/\/www.libroclub.org\/wp-content\/uploads\/2024\/09\/readmore1-1024x1024.jpeg","datePublished":"2024-09-06T13:02:58+00:00","dateModified":"2025-09-01T21:01:00+00:00","inLanguage":"sk-SK","potentialAction":[{"@type":"ReadAction","target":["https:\/\/www.libroclub.org\/?page_id=319"]}]},{"@type":"ImageObject","inLanguage":"sk-SK","@id":"https:\/\/www.libroclub.org\/?page_id=319#primaryimage","url":"https:\/\/www.libroclub.org\/wp-content\/uploads\/2024\/09\/readmore1.jpeg","contentUrl":"https:\/\/www.libroclub.org\/wp-content\/uploads\/2024\/09\/readmore1.jpeg","width":1186,"height":1186},{"@type":"WebSite","@id":"https:\/\/www.libroclub.org\/#website","url":"https:\/\/www.libroclub.org\/","name":"Libro \u2014 \u010ditate\u013esk\u00fd klub","description":"Read more.","publisher":{"@id":"https:\/\/www.libroclub.org\/#organization"},"potentialAction":[{"@type":"SearchAction","target":{"@type":"EntryPoint","urlTemplate":"https:\/\/www.libroclub.org\/?s={search_term_string}"},"query-input":"required name=search_term_string"}],"inLanguage":"sk-SK"},{"@type":"Organization","@id":"https:\/\/www.libroclub.org\/#organization","name":"Libro \u2014 \u010ditate\u013esk\u00fd klub","url":"https:\/\/www.libroclub.org\/","logo":{"@type":"ImageObject","inLanguage":"sk-SK","@id":"https:\/\/www.libroclub.org\/#\/schema\/logo\/image\/","url":"https:\/\/www.libroclub.org\/wp-content\/uploads\/2024\/09\/1000_F_301951160_ReY7wvJJQTzuHJUUIn1dWWvKNZRPZlnq-e1725467353765.jpg","contentUrl":"https:\/\/www.libroclub.org\/wp-content\/uploads\/2024\/09\/1000_F_301951160_ReY7wvJJQTzuHJUUIn1dWWvKNZRPZlnq-e1725467353765.jpg","width":440,"height":461,"caption":"Libro \u2014 \u010ditate\u013esk\u00fd klub"},"image":{"@id":"https:\/\/www.libroclub.org\/#\/schema\/logo\/image\/"}}]}},"_links":{"self":[{"href":"https:\/\/www.libroclub.org\/index.php?rest_route=\/wp\/v2\/pages\/319"}],"collection":[{"href":"https:\/\/www.libroclub.org\/index.php?rest_route=\/wp\/v2\/pages"}],"about":[{"href":"https:\/\/www.libroclub.org\/index.php?rest_route=\/wp\/v2\/types\/page"}],"author":[{"embeddable":true,"href":"https:\/\/www.libroclub.org\/index.php?rest_route=\/wp\/v2\/users\/1"}],"replies":[{"embeddable":true,"href":"https:\/\/www.libroclub.org\/index.php?rest_route=%2Fwp%2Fv2%2Fcomments&post=319"}],"version-history":[{"count":6,"href":"https:\/\/www.libroclub.org\/index.php?rest_route=\/wp\/v2\/pages\/319\/revisions"}],"predecessor-version":[{"id":495,"href":"https:\/\/www.libroclub.org\/index.php?rest_route=\/wp\/v2\/pages\/319\/revisions\/495"}],"wp:attachment":[{"href":"https:\/\/www.libroclub.org\/index.php?rest_route=%2Fwp%2Fv2%2Fmedia&parent=319"}],"curies":[{"name":"wp","href":"https:\/\/api.w.org\/{rel}","templated":true}]}}